8
Let m(x) = 13314*x + 1411256. Determine m(-106).
-28
Let y(t) = -t**2 + 1845*t - 315910. Calculate y(191).
4
Let o(f) = 366*f + 8850. What is o(-20)?
1530
Let x(i) = i**2 - 65*i + 224. Calculate x(9).
-280
Let w(i) = -4*i**3 + 210*i**2 + 328*i - 181. What is w(54)?
35
Let c(k) = -7*k**3 - 6*k**2 - 814*k - 2443. Determine c(-3).
134
Let q(z) = -28*z**2 - 1087*z + 169. What is q(-39)?
-26
Let n(q) = 36322*q + 145308. What is n(-4)?
20
Let h(q) = 53*q**3 - 845*q**2 + 11*q - 941. Give h(16).
3
Let q(m) = -284*m + 57354. Determine q(202).
-14
Let u(l) = 3*l**3 + 300*l**2 - 1227*l + 2174. What is u(-104)?
-10
Let p(m) = -m**3 + 386*m**2 + 17042*m - 91. Give p(-40).
-171
Let y(n) = 25*n**3 - 2*n**2 - 9*n - 23. What is y(-2)?
-213
Let d(j) = j**3 - 63*j**2 - 480*j - 35. Give d(-8).
-739
Let a(i) = -1201*i + 19064. Give a(16).
-152
Let p(t) = -t**3 - 289*t**2 - 346*t + 65006. Give p(-287).
-430
Let j(z) = -129*z**2 + 77789*z - 1211. Calculate j(603).
-5
Let l(s) = 67*s**2 - 2331*s - 4. What is l(35)?
486
Let s(a) = -47*a**3 - 636*a**2 - 633*a + 2. Determine s(-1).
46
Let g(s) = 2*s**2 + 8946*s - 895911. Give g(98).
5
Let n(m) = -939*m**2 - 3719*m - 3. Calculate n(-4).
-151
Let l(v) = -7*v**2 - 741*v - 12413. What is l(-85)?
-3
Let p(i) = 2*i**2 + 191*i + 2459. Determine p(-90).
1469
Let x(k) = -147901*k + 147888. Give x(1).
-13
Let x(f) = -17*f**3 + 92*f**2 - 511*f - 4. Give x(6).
-3430
Let n(k) = 5*k**2 - 188*k - 26940. What is n(-57)?
21
Let x(w) = w**3 + 122*w**2 + 1150*w + 284. What is x(-10)?
-16
Let z(l) = -51*l**3 + 139*l**2 + 69*l - 81. Calculate z(3).
0
Let o(s) = 2*s**3 - 234*s**2 + 69*s - 35990. What is o(118)?
0
Let m(t) = -2*t**3 + 5324*t**2 - 42438*t - 201. Calculate m(8).
7
Let j(r) = 11601*r + 106265. Give j(-9).
1856
Let o(d) = d**3 + 83*d**2 - 172*d - 7778. Determine o(-84).
-386
Let o(z) = -z**3 + 43*z**2 - 1531*z + 41649. Give o(34).
-1
Let j(t) = 2*t**3 + 300*t**2 + 623*t + 52. What is j(-2)?
-10
Let n(t) = 7*t**2 - 113*t + 453. Determine n(6).
27
Let z(f) = -8767*f + 543548. Determine z(62).
-6
Let y(n) = n**2 - 121*n + 488. Give y(4).
20
Let z(t) = -84*t - 2449. What is z(-28)?
-97
Let z(u) = 2925663*u - 8776981. Determine z(3).
8
Let p(u) = -4*u**2 + 41*u - 217. Calculate p(0).
-217
Let i(u) = -u**3 - 488*u**2 - 2430*u + 13. Calculate i(-5).
88
Let v(u) = -2*u**2 + 16*u + 3617. Determine v(-48).
-1759
Let n(v) = v**3 + 20*v**2 + 86*v + 82. Determine n(-12).
202
Let i(q) = 2*q**3 - 3679*q**2 + 466488*q - 419. Determine i(137).
-8
Let g(r) = -12001*r + 47967. What is g(4)?
-37
Let v(x) = x**3 - 180*x**2 - 17180*x - 220. Give v(249).
29
Let x(t) = -426*t - 4355. What is x(-11)?
331
Let r(f) = 2*f**3 - 78*f**2 - 54*f - 1110. Calculate r(40).
-70
Let n(t) = t**3 + 116*t**2 - 489*t - 1065. Determine n(-120).
15
Let h(l) = 6489*l - 376347. What is h(58)?
15
Let x(u) = -2*u**3 - 254*u**2 - 521*u - 2643. Determine x(-125).
-18
Let o(p) = p**3 + 71*p**2 + 641*p - 173. Give o(-11).
36
Let h(l) = -2*l**3 - 53*l**2 + 1833*l + 64. What is h(-46)?
-1730
Let v(z) = -96*z - 6533. Give v(-69).
91
Let q(a) = a**3 - 263*a**2 + 2706*a + 725. Calculate q(11).
-1
Let b(d) = -8145*d - 65165. What is b(-8)?
-5
Let k(w) = -13*w**2 - 969*w - 12696. Give k(-17).
20
Let r(i) = 10592*i + 2425562. What is r(-229)?
-6
Let g(b) = b**3 - 49*b**2 - 1667*b - 241. What is g(-23)?
12
Let l(u) = -u**2 + 3641982*u + 50987934. What is l(-14)?
-10
Let u(w) = 303*w**3 - 3*w**2 - 13*w. What is u(-2)?
-2410
Let s(j) = j**3 - 265*j**2 + 8252*j - 109. Determine s(36).
179
Let x(r) = -2*r**3 - 6*r**2 + 532*r - 1908. Calculate x(4).
-4
Let t(g) = -20*g**2 + 653*g - 3516. Determine t(27).
-465
Let q(k) = -2*k**2 + 19837*k + 59511. Calculate q(-3).
-18
Let u(o) = -33265*o - 133073. Give u(-4).
-13
Let r(h) = h**3 - 165*h**2 - 14667*h + 551. Determine r(229).
-1968
Let b(a) = 36*a**2 + 1188*a - 1186. Calculate b(-34).
38
Let u(c) = -204*c + 47966. Determine u(235).
26
Let d(u) = 48551*u - 2233335. What is d(46)?
11
Let y(f) = 13*f**3 + 274*f**2 + 17*f + 14. Give y(-21).
98
Let v(b) = 76990*b + 1231828. Give v(-16).
-12
Let p(r) = -73205*r - 2122871. Calculate p(-29).
74
Let u(l) = -8*l**2 + 1521*l + 3387. Determine u(191).
2050
Let a(l) = -420*l**2 - 803*l + 76. Determine a(-2).
2
Let s(d) = -10178*d + 40680. Calculate s(4).
-32
Let b(a) = 69083*a - 8635380. Calculate b(125).
-5
Let p(j) = -j**2 + 85*j + 2296. Give p(-21).
70
Let v(a) = -4386*a - 473686. Determine v(-108).
2
Let j(a) = -2*a**2 - 231*a - 3990. Determine j(-21).
-21
Let q(g) = -6461*g - 116305. Determine q(-18).
-7
Let n(u) = -2*u**3 + 363*u**2 + 170*u + 2539. Give n(182).
355
Let g(s) = s**3 - 20*s**2 + 2992*s - 31814. Calculate g(11).
9
Let m(x) = -14817*x**2 + 414893*x - 465. Calculate m(28).
11
Let m(a) = 1107*a + 109684. What is m(-99)?
91
Let y(i) = -200*i**2 + 8002*i - 127. Calculate y(40).
-47
Let z(i) = -49*i**2 + 5262*i + 25307. What is z(112)?
-5
Let u(z) = z**2 + 369*z + 4593. Determine u(-12).
309
Let s(b) = -2561*b + 47510. What is s(18)?
1412
Let z(f) = 2*f**2 - 92*f + 885. Give z(45).
795
Let k(l) = -332057*l + 41507115. Calculate k(125).
-10
Let h(u) = -18*u**3 + 255*u**2 - 14*u - 86. Calculate h(14).
306
Let q(h) = 9*h**2 - 91*h - 961. What is q(-11)?
1129
Let v(d) = d**3 - 20*d**2 + 212*d - 645. Calculate v(5).
40
Let j(l) = 18*l**3 - 669*l**2 + 116*l + 82. What is j(37)?
267
Let h(v) = -2397*v + 11642. What is h(5)?
-343
Let f(l) = 2*l**3 + 14*l**2 - 1528*l - 4700. Give f(-3).
-44
Let r(t) = -1021*t - 701346. Calculate r(-687).
81
Let v(r) = -2401*r - 72036. Calculate v(-30).
-6
Let d(s) = 12*s**2 + 285*s + 1030. Calculate d(-4).
82
Let v(q) = -676*q - 122963. Calculate v(-184).
1421
Let t(b) = 2*b**3 - 47*b**2 + 203*b + 290. What is t(17)?
-16
Let k(d) = -d**3 - 6*d**2 + 2417*d + 1246. Calculate k(-52).
-54
Let c(p) = 4019*p - 36942. Give c(9).
-771
Let c(y) = -1867*y + 17620. Calculate c(9).
817
Let t(m) = 140*m + 32677. What is t(-246)?
-1763
Let g(m) = -362*m - 6768. Determine g(-19).
110
Let y(g) = 50056*g - 450474. Give y(9).
30
Let k(z) = -644726*z - 2578922. Determine k(-4).
-18
Let s(l) = -1683*l + 326429. Give s(194).
-73
Let i(m) = m**2 + 20361*m - 387218. What is i(19)?
2
Let v(c) = 2*c**3 + 10*c**2 - 26*c - 70. What is v(-6)?
14
Let n(p) = 30*p**3 - 210*p**2 - 214*p - 3. Determine n(-1).
-29
Let s(c) = -19*c**3 - 5*c**2 + 1309*c + 7782. What is s(-6)?
3852
Let g(l) = -109*l**2 + 7858*l - 777. Calculate g(72).
-57
Let m(g) = 53*g - 5603. Determine m(94).
-621
Let l(w) = -3*w**2 + 1358*w - 10821. Calculate l(8).
-149
Let x(o) = -36*o**2 + 487*o + 116. Give x(15).
-679
Let k(d) = -d**2 + 8211*d - 270218. Give k(33).
-344
Let v(s) = 4924*s + 19751. Calculate v(-4).
55
Let v(q) = q**3 - 152*q**2 - 299*q - 1305. Give v(154).
81
Let a(h) = h**2 - 6950*h - 420871. What is a(-60)?
-271
Let o(m) = m**3 - 20*m**2 - 137*m - 528. Calculate o(26).
-34
Let c(g) = -5*g**2 - 493*g - 9492. Determine c(-26).
-54
Let i(n) = n**3 - 7*n**2 + 71*n - 314. Give i(8).
318
Let n(v) = -v**3 + 35*v**2 - 141*v - 1599. What is n(24)?
1353
Let c(q) = -22*q**2 - 5820*q - 31594. What is c(-259)?
4
Let b(s) = 766*s + 23591. Give b(-31).
-155
Let m(t) = 4*t**2 + 1982*t + 163437. Determine m(-391).
-1
Let n(o) = 2*o**2 + 1740*o + 330370. Determine n(-280).
-30
Let a(u) = -4512*u + 554979. Give a(123).
3
Let b(r) = -99*r**3 + 388*r**2 - 6*r + 5. Calculate b(4).
-147
Let v(t) = 2*t**3 - 58*t**2 + 281*t - 993. What is v(24)?
-9
Let t(h) = -14*h**2 + 40*h + 633. What is t(8)?
57
Let q(o) = 4876*o + 3252305. What is q(-667)?
13
Let m(b) = -6*b**2 + 289*b + 1208. Calculate m(-4).
-44
Let d(g) = -11786*g - 58919. Give d(-5).
11
Let i(l) = -2*l**2 + 456*l + 11499. Calculate i(251).
-47
Let x(l) = 13*l**3 - 150*l**2 + 1076*l - 7013. Give x(9).
-2
Let x(p) = -4*p**2 - 645*p + 30060. What is x(-199)?
11
Let o(f) = 4962*f - 476321. What is o(96)?
31
Let u(n) = -6625*n + 264907. Give u(40).
-93
Let n(o) = 2*o**2 + 1381*o + 133282. Give n(-116).
-2
Let c(b) = b**3 - 135*b**2 + 3222*b + 67. Calculate c(31).
5
Let f(q) = 63*q**3 + 188*q**2 - q + 6. What is f(-3)?
0
Let o(r) = -356*r + 75106. What is o(211)?
-10
Let k(v) = -4683*v - 130480. Determine k(-28).
644
Let d(a) = -671*a + 183862. Determine d(275).
-663
Let a(m) = 24*m*